when 5766 is divided by 31.
0
What is the remainder when 73154 is divided by 7310?
54
Calculate the remainder when 6565 is divided by 664.
589
Calculate the remainder when 89682 is divided by 166.
42
Calculate the remainder when 2530 is divided by 118.
52
Calculate the remainder when 116532 is divided by 15.
12
Calculate the remainder when 17863 is divided by 3568.
23
Calculate the remainder when 619957 is divided by 9253.
6
Calculate the remainder when 77123 is divided by 19276.
19
What is the remainder when 246908 is divided by 4115?
8
Calculate the remainder when 1386 is divided by 516.
354
Calculate the remainder when 675 is divided by 166.
11
What is the remainder when 6338 is divided by 778?
114
What is the remainder when 1710 is divided by 1699?
11
What is the remainder when 30372 is divided by 457?
210
What is the remainder when 1001 is divided by 172?
141
What is the remainder when 14851 is divided by 35?
11
What is the remainder when 253576 is divided by 194?
18
What is the remainder when 11813 is divided by 25?
13
Calculate the remainder when 233871 is divided by 376.
375
Calculate the remainder when 13732 is divided by 90.
52
Calculate the remainder when 153536 is divided by 51167.
35
What is the remainder when 36885 is divided by 25?
10
Calculate the remainder when 106213 is divided by 17689.
79
Calculate the remainder when 1066590 is divided by 65.
5
Calculate the remainder when 4158 is divided by 1163.
669
What is the remainder when 19684 is divided by 4915?
24
What is the remainder when 2755 is divided by 208?
51
What is the remainder when 14731 is divided by 3682?
3
Calculate the remainder when 416 is divided by 25.
16
What is the remainder when 152626 is divided by 4923?
13
Calculate the remainder when 2607 is divided by 284.
51
Calculate the remainder when 7757 is divided by 424.
125
What is the remainder when 1752 is divided by 1634?
118
What is the remainder when 205995 is divided by 19?
16
Calculate the remainder when 11073 is divided by 3658.
99
Calculate the remainder when 1848510 is divided by 68463.
9
What is the remainder when 2984 is divided by 644?
408
What is the remainder when 81452 is divided by 6?
2
Calculate the remainder when 8413 is divided by 187.
185
What is the remainder when 9038 is divided by 531?
11
Calculate the remainder when 374450 is divided by 21.
20
What is the remainder when 141027 is divided by 10073?
5
Calculate the remainder when 35265 is divided by 76.
1
What is the remainder when 1306 is divided by 846?
460
Calculate the remainder when 435103 is divided by 15.
13
Calculate the remainder when 9634 is divided by 390.
274
Calculate the remainder when 192752 is divided by 572.
560
What is the remainder when 19012 is divided by 328?
316
Calculate the remainder when 303785 is divided by 1651.
1
What is the remainder when 235669 is divided by 712?
709
Calculate the remainder when 96405 is divided by 103.
100
Calculate the remainder when 3825 is divided by 1855.
115
Calculate the remainder when 77326 is divided by 667.
621
Calculate the remainder when 53066 is divided by 174.
170
What is the remainder when 4594 is divided by 7?
2
What is the remainder when 23094 is divided by 77?
71
What is the remainder when 1886 is divided by 35?
31
What is the remainder when 51547 is divided by 7336?
195
What is the remainder when 1142902 is divided by 168?
166
What is the remainder when 3407 is divided by 95?
82
Calculate the remainder when 55155 is divided by 35.
30
Calculate the remainder when 9749 is divided by 43.
31
What is the remainder when 50027 is divided by 5537?
194
What is the remainder when 4675 is divided by 388?
19
What is the remainder when 12215 is divided by 498?
263
What is the remainder when 1360 is divided by 269?
15
What is the remainder when 51526 is divided by 652?
18
Calculate the remainder when 208916 is divided by 103.
32
Calculate the remainder when 7865 is divided by 450.
215
What is the remainder when 154262 is divided by 5711?
65
What is the remainder when 11672 is divided by 198?
188
What is the remainder when 15060 is divided by 14402?
658
What is the remainder when 647 is divided by 9?
8
What is the remainder when 1094 is divided by 543?
8
What is the remainder when 244104 is divided by 122?
104
Calculate the remainder when 16171 is divided by 107.
14
Calculate the remainder when 4738 is divided by 1492.
262
What is the remainder when 37616 is divided by 2506?
26
What is the remainder when 16322 is divided by 1632?
2
What is the remainder when 292038 is divided by 191?
190
Calculate the remainder when 1304 is divided by 323.
12
Calculate the remainder when 9581 is divided by 81.
23
What is the remainder when 2828 is divided by 1266?
296
What is the remainder when 3063876 is divided by 203?
200
Calculate the remainder when 8472 is divided by 651.
9
Calculate the remainder when 202367 is divided by 14.
11
Calculate the remainder when 2581 is divided by 910.
761
Calculate the remainder when 1032 is divided by 322.
66
What is the remainder when 381086 is divided by 190538?
10
What is the remainder when 50895 is divided by 158?
19
What is the remainder when 4011 is divided by 258?
141
What is the remainder when 143023 is divided by 14?
13
What is the remainder when 2719 is divided by 59?
5
What is the remainder when 154799 is divided by 58?
55
What is the remainder when 548 is divided by 543?
5
Calculate the remainder when 223221 is divided by 33.
9
Calculate the remainder when 9943 is divided by 1129.
911
Calculate the remainder when 57371 is divided by 1083.
1055
What is the remainder when 6022 is divided by 5881?
141
What is the remainder when 2527 is divided by 836?
19
Calculate the remainder when 22502 is divided by 833.
11
Calculate the remainder when 54123 is divided by 97.
94
Calculate the remainder when 5187 is divided by 290.
257
Calculate the remainder when 249443 is divided by 156.
155
Calculate the remainder when 10699 is divided by 1187.
16
What is the remainder when 8051 is divided by 184?
139
What is the remainder when 19141 is divided by 19139?
2
Calculate the remainder when 42413 is divided by 165.
8
What is the remainder when 1351 is divided by 1330?
21
What is the remainder when 15068 is divided by 578?
40
Calculate the remainder when 188113 is divided by 679.
30
What is the remainder when 4838 is divided by 138?
8
Calculate the remainder when 30076 is divided by 88.
68
What is the remainder when 20007 is divided by 437?
342
Calculate the remainder when 3673 is divided by 1300.
1073
What is the remainder when 2396 is divided by 1919?
477
Calculate the remainder when 181033 is divided by 447.
445
What is the remainder when 104445 is divided by 183?
135
What is the remainder when 3436550 is divided by 218?
216
What is the remainder when 23094 is divided by 7?
1
Calculate the remainder when 1795 is divided by 362.
347
Calculate the remainder when 2933 is divided by 2931.
2
Calculate the remainder when 7855 is divided by 527.
477
What is the remainder when 100189 is divided by 21?
19
Calculate the remainder when 40410 is divided by 20135.
140
Calculate the remainder when 23600 is divided by 7849.
53
What is the remainder when 17096 is divided by 503?
497
Calculate the remainder when 5979 is divided by 192.
27
Calculate the remainder when 5497 is divided by 12.
1
Calculate the remainder when 12636 is divided by 258.
252
Calculate the remainder when 181344 is divided by 142.
10
Calculate the remainder when 67834 is divided by 22604.
22
What is the remainder when 820 is divided by 74?
6
Calculate the remainder when 8733 is divided by 78.
75
Calculate the remainder when 54712 is divided by 27349.
14
What is the remainder when 684 is divided by 14?
12
What is the remainder when 815 is divided by 75?
65
What is the remainder when 110635 is divided by 47?
44
What is the remainder when 72916 is divided by 26?
12
What is the remainder when 111237 is divided by 55617?
3
What is the remainder when 21670 is divided by 21593?
77
Calculate the remainder when 45401 is divided by 17.
11
What is the remainder when 44824 is divided by 2488?
40
What is the remainder when 134035 is divided by 26806?
5
What is the remainder when 165269 is divided by 55063?
80
Calculate the remainder